{"id":103,"date":"2023-07-03T22:48:32","date_gmt":"2023-07-03T19:48:32","guid":{"rendered":"https:\/\/www.kartalotocekici.com\/?page_id=103"},"modified":"2023-07-21T12:06:06","modified_gmt":"2023-07-21T09:06:06","slug":"hakkimizda","status":"publish","type":"page","link":"https:\/\/www.ahmetatmaca.com.tr\/adayolyardim\/hakkimizda","title":{"rendered":"HAKKIMIZDA"},"content":{"rendered":"<div>\n<div>\n<div>\n<p><a href=\"tel:05326734740\"><img decoding=\"async\" class=\"aligncenter wp-image-715\" src=\"https:\/\/www.ahmetatmaca.com.tr\/adayolyardim\/wp-content\/uploads\/2023\/07\/ada-yol-yardim-kapak-300x225.png\" alt=\"\" width=\"700\" height=\"525\" srcset=\"https:\/\/www.ahmetatmaca.com.tr\/adayolyardim\/wp-content\/uploads\/2023\/07\/ada-yol-yardim-kapak-300x225.png 300w, https:\/\/www.ahmetatmaca.com.tr\/adayolyardim\/wp-content\/uploads\/2023\/07\/ada-yol-yardim-kapak-768x576.png 768w, https:\/\/www.ahmetatmaca.com.tr\/adayolyardim\/wp-content\/uploads\/2023\/07\/ada-yol-yardim-kapak-100x75.png 100w, https:\/\/www.ahmetatmaca.com.tr\/adayolyardim\/wp-content\/uploads\/2023\/07\/ada-yol-yardim-kapak-480x360.png 480w, https:\/\/www.ahmetatmaca.com.tr\/adayolyardim\/wp-content\/uploads\/2023\/07\/ada-yol-yardim-kapak.png 1024w\" sizes=\"(max-width:767px) 480px, 700px\" \/><\/a><\/p>\n<p>&nbsp;<\/p>\n<p>Ada Yol Yard\u0131m\u00a0olarak profesyonel kurtar\u0131c\u0131 hizmetleri sunmakta, firmam\u0131z b\u00fcnyesinde bulunan hizmetlerimizde oldu\u011fu gibi kurtar\u0131c\u0131ya ihtiya\u00e7 duydu\u011funuz zor zamanlar\u0131n\u0131zda da sizlere kaliteli ve kusursuz hizmet garantisi vermekteyiz<\/p>\n<p>Firmam\u0131za ileti\u015fim yoluyla irtibata ge\u00e7mek veya di\u011fer hizmetlerimiz hakk\u0131nda fiyatlar almak i\u00e7in\u00a0<a href=\"tel:0532 673 47 40\">0532 673 47 40<\/a>\u00a0gibi kanallarla ula\u015f\u0131m sa\u011flayabilirsiniz..<\/p>\n<p>\u0130stanbul&#8217; un her yerinde size yard\u0131m edebilmek i\u00e7in bir telefon kadar yak\u0131n\u0131z.<\/p>\n<p>Ar\u0131zal\u0131, kazal\u0131 otomobilleriniz ve ta\u015f\u0131nmas\u0131 gereken i\u015f makineleriniz i\u00e7in bizi aray\u0131n uygun fiyatlarda g\u00fcvenli ta\u015f\u0131ma ve oto kurtar\u0131c\u0131 hizmetimizden yararlan\u0131n.<\/p>\n<p>Ada Yol Yard\u0131m\u00a0olarak; Manlift, Forklift, Tekne, Araba, Kamyonet, Minib\u00fcs, Minivan, Jip, Ralli ara\u00e7lar\u0131na oto yol yard\u0131m hizmetleri sunmaktay\u0131z.<\/p>\n<p>Arac\u0131n\u0131z zor durumda m\u0131? \u0130stanbul i\u00e7i oto kurtarma hizmetlerimiz her b\u00fcy\u00fckl\u00fckte ara\u00e7 i\u00e7in her b\u00f6lgede haz\u0131r konumdad\u0131r. Oto \u00c7ekici hizmetlerinin haricinden firmam\u0131zdan acil durumlar yolda kald\u0131\u011f\u0131n\u0131z da yada arac\u0131n\u0131z ar\u0131za yapt\u0131ysa hemen ekibimize ula\u015f\u0131n yan\u0131n\u0131za gelsin!<\/p>\n<\/div>\n<\/div>\n<\/div>\n<p>\u00c7ekici hizmetlerimiz hakk\u0131nda daha fazla bilgi edinmek i\u00e7in <a href=\"tel:0532 673 47 40\">0532 673 47 40<\/a>\u00a0numaral\u0131 telefondan bize ula\u015f\u0131n, herhangi bir nedenle acil yol kenar\u0131 kurtarmaya ihtiyac\u0131n\u0131z varsa, size yard\u0131mc\u0131 olmak i\u00e7in buraday\u0131z. Alan\u0131nda uzman kadromuz ile 7\/24 yan\u0131n\u0131zday\u0131z.<\/p>\n<p>Misyonumuz; &#8220;Daima m\u00fc\u015fteri beklentileri ve talepleri do\u011frultusunda Profesyonel \u00c7\u00f6z\u00fcmler sunarak m\u00fc\u015fterilerimizin ihtiya\u00e7lar\u0131na zaman\u0131nda cevap verebilmek.<\/p>\n<p>Vizyonumuz; \u00dclkemizde beklentilerin \u00fczerinde hizmet vererek; kaliteli ta\u015f\u0131ma hizmeti sunarak, firmam\u0131z\u0131 b\u00fcy\u00fcme seviyesine y\u00fckseltme ve m\u00fc\u015fteri odakl\u0131 b\u00fcy\u00fcyen &#8220;Ara\u00e7 Kurtarma Firmas\u0131&#8221; konumuna eri\u015fmek.<\/p>\n","protected":false},"excerpt":{"rendered":"<p>&nbsp; Ada Yol Yard\u0131m\u00a0olarak profesyonel kurtar\u0131c\u0131 hizmetleri sunmakta, firmam\u0131z b\u00fcnyesinde bulunan hizmetlerimizde oldu\u011fu gibi kurtar\u0131c\u0131ya ihtiya\u00e7 duydu\u011funuz zor zamanlar\u0131n\u0131zda da sizlere kaliteli ve kusursuz hizmet garantisi vermekteyiz Firmam\u0131za ileti\u015fim yoluyla irtibata ge\u00e7mek veya di\u011fer hizmetlerimiz hakk\u0131nda fiyatlar almak i\u00e7in\u00a00532 673 47 40\u00a0gibi kanallarla ula\u015f\u0131m sa\u011flayabilirsiniz.. \u0130stanbul&#8217; un her yerinde size<span class=\"excerpt-hellip\"> [\u2026]<\/span><\/p>\n","protected":false},"author":1,"featured_media":0,"parent":0,"menu_order":0,"comment_status":"closed","ping_status":"closed","template":"","meta":[],"_links":{"self":[{"href":"https:\/\/www.ahmetatmaca.com.tr\/adayolyardim\/wp-json\/wp\/v2\/pages\/103"}],"collection":[{"href":"https:\/\/www.ahmetatmaca.com.tr\/adayolyardim\/wp-json\/wp\/v2\/pages"}],"about":[{"href":"https:\/\/www.ahmetatmaca.com.tr\/adayolyardim\/wp-json\/wp\/v2\/types\/page"}],"author":[{"embeddable":true,"href":"https:\/\/www.ahmetatmaca.com.tr\/adayolyardim\/wp-json\/wp\/v2\/users\/1"}],"replies":[{"embeddable":true,"href":"https:\/\/www.ahmetatmaca.com.tr\/adayolyardim\/wp-json\/wp\/v2\/comments?post=103"}],"version-history":[{"count":0,"href":"https:\/\/www.ahmetatmaca.com.tr\/adayolyardim\/wp-json\/wp\/v2\/pages\/103\/revisions"}],"wp:attachment":[{"href":"https:\/\/www.ahmetatmaca.com.tr\/adayolyardim\/wp-json\/wp\/v2\/media?parent=103"}],"curies":[{"name":"wp","href":"https:\/\/api.w.org\/{rel}","templated":true}]}}